03?
False
Is 31 a factor of 12963141?
False
Does 468 divide 22792500?
False
Is 22 a factor of 7597453?
False
Is 39489795 a multiple of 15?
True
Is 81 a factor of 104182815?
False
Does 2146 divide 1213517934?
True
Is 18739945 a multiple of 2?
False
Does 730 divide 1175089754?
False
Is 27 a factor of 1896583815?
True
Is 47 a factor of 98702867?
True
Is 1353536350 a multiple of 2165?
True
Is 57 a factor of 1777903?
False
Is 25475760 a multiple of 369?
True
Does 4 divide 22023063?
False
Does 20 divide 613981855?
False
Is 1575 a factor of 804814139?
False
Does 7 divide 6231918?
True
Is 7310270 a multiple of 14?
False
Is 729498469 a multiple of 697?
False
Does 132 divide 240895341?
False
Is 8730049 a multiple of 1850?
False
Is 1499230425 a multiple of 5775?
True
Is 66706830 a multiple of 10?
True
Is 6617 a factor of 1296836666?
False
Is 72663735 a multiple of 7?
False
Is 140037953 a multiple of 1425?
False
Does 45 divide 691914597?
False
Is 15 a factor of 873839?
False
Is 101386351 a multiple of 11?
True
Is 86878488 a multiple of 3?
True
Is 4594221140 a multiple of 5827?
False
Does 388 divide 227060704?
True
Is 430 a factor of 1727551651?
False
Is 1093411279 a multiple of 653?
True
Is 21 a factor of 106403896?
False
Is 1927 a factor of 37441241?
False
Is 49308507 a multiple of 52?
False
Is 26 a factor of 50311?
False
Is 34459040 a multiple of 112?
True
Is 30467714 a multiple of 103?
False
Is 96219251 a multiple of 16?
False
Does 58 divide 30822592?
True
Does 32 divide 51335269?
False
Is 352194315 a multiple of 15?
True
Is 519 a factor of 286272615?
True
Is 65546546 a multiple of 13?
True
Is 37 a factor of 16903746?
True
Is 232 a factor of 1847953615?
False
Does 1350 divide 76468050?
True
Is 261 a factor of 31072833?
True
Is 183 a factor of 171728979?
False
Is 19199356 a multiple of 106?
True
Is 27009784 a multiple of 820?
False
Is 12824 a factor of 541822833?
False
Is 185568812 a multiple of 22?
True
Is 698632099 a multiple of 70?
False
Is 841 a factor of 294696744?
False
Is 141 a factor of 532708063?
False
Is 12978690 a multiple of 145?
False
Does 703 divide 108803330?
False
Does 1099 divide 16306871?
False
Is 833375385 a multiple of 295?
False
Does 127 divide 68947054?
False
Is 674 a factor of 13481553?
False
Is 2296034 a multiple of 1718?
False
Does 28 divide 3937388?
True
Does 1285 divide 21041875?
True
Does 472 divide 1589599712?
True
Is 456 a factor of 526690488?
True
Is 11258570 a multiple of 71?
False
Does 13 divide 467914170?
False
Does 254 divide 1596335390?
True
Does 394 divide 479922533?
False
Is 4617176328 a multiple of 290?
False
Is 6316200 a multiple of 8?
True
Is 19277024 a multiple of 2488?
True
Is 1597406946 a multiple of 64?
False
Is 3356188704 a multiple of 2208?
True
Is 3967 a factor of 447033296?
True
Does 1533 divide 113125697?
False
Is 363958185 a multiple of 15?
True
Does 2808 divide 28431000?
True
Does 15 divide 78019026?
False
Does 3115 divide 1622983530?
True
Does 463 divide 45900431?
True
Does 108 divide 5500861?
False
Is 88990846 a multiple of 28?
False
Does 3 divide 51249803?
False
Does 107 divide 982527476?
False
Is 281396032 a multiple of 32?
True
Is 953 a factor of 415748156?
True
Is 312484536 a multiple of 819?
True
Is 185 a factor of 35696658?
False
Does 71 divide 31770172?
False
Is 290 a factor of 113889824?
False
Is 45 a factor of 578518508?
False
Is 17 a factor of 152091459?
False
Is 98326808 a multiple of 63?
False
Does 152 divide 265190195?
False
Is 384781950 a multiple of 42?
True
Is 62 a factor of 1587349719?
False
Does 273 divide 2660315258?
False
Is 5 a factor of 140128968?
False
Is 28 a factor of 4749413200?
True
Is 2100279618 a multiple of 111?
True
Is 1485 a factor of 230717828?
False
Is 52411128 a multiple of 33?
True
Does 2463 divide 165981511?
False
Is 31 a factor of 148041244?
True
Does 37 divide 71042849?
True
Is 6 a factor of 6147323?
False
Does 16 divide 7459197?
False
Is 14350176 a multiple of 108?
True
Is 659075307 a multiple of 2?
False
Is 309936150 a multiple of 15?
True
Is 73911181 a multiple of 17?
False
Is 53347143 a multiple of 13?
False
Is 3000 a factor of 1040134325?
False
Does 503 divide 386663543?
False
Is 81 a factor of 164877075?
False
Does 246 divide 21555112?
False
Is 2 a factor of 16900983?
False
Is 6 a factor of 380319491?
False
Does 1055 divide 1459233005?
False
Is 28 a factor of 24585853?
False
Is 256971 a multiple of 12?
False
Does 7370 divide 956198540?
True
Is 1481 a factor of 113936292?
True
Is 32 a factor of 22639040?
True
Is 43978995 a multiple of 45?
True
Is 296 a factor of 21747525?
False
Is 119 a factor of 29036636?
False
Does 35 divide 28942655?
True
Is 77852907 a multiple of 783?
True
Does 70 divide 419962061?
False
Is 27213200 a multiple of 336?
False
Is 407 a factor of 70580296?
False
Is 35318478 a multiple of 1794?
True
Is 86 a factor of 160774121?
False
Is 554 a factor of 56476976?
True
Is 372254440 a multiple of 43?
True
Is 9036741 a multiple of 17?
True
Is 3316 a factor of 1331333963?
False
Is 14728668 a multiple of 42?
False
Is 548 a factor of 14475646?
False
Is 25350728 a multiple of 90?
False
Does 20 divide 797033804?
False
Is 183780552 a multiple of 12?
True
Does 4 divide 23193755?
False
Is 60 a factor of 247127705?
False
Does 5283 divide 350408938?
False
Does 11 divide 28144501?
True
Is 268795381 a multiple of 283?
True
Is 2584 a factor of 137324096?
True
Is 10708086 a multiple of 9?
False
Is 46 a factor of 208696362?
False
Is 331438096 a multiple of 22?
True
Is 5835808 a multiple of 88?
True
Does 93 divide 35130743?
False
Does 29 divide 4881367?
True
Is 2541380149 a multiple of 737?
True
Is 14 a factor of 3214098692?
True
Does 3118 divide 48606502?
True
Is 20 a factor of 6121516?
False
Is 90241274 a multiple of 2098?
True
Does 6 divide 8523545?
False
Is 13 a factor of 440534?
False
Is 23829284 a multiple of 3?
False
Is 5219424 a multiple of 7?
True
Is 6 a factor of 147764921?
False
Is 42521876 a multiple of 794?
True
Does 103 divide 32089965?
False
Is 1320 a factor of 2014607755?
False
Is 10201830 a multiple of 1193?
False
Is 42 a factor of 521210713?
False
Is 9 a factor of 21052053?
True
Does 9 divide 57980520?
True
Does 26 divide 12741300?
True
Is 12182429 a multiple of 2?
False
Is 81 a factor of 1283684741?
False
Does 249 divide 17881283?
False
Is 214 a factor of 1507945201?
False
Is 10 a factor of 12615930?
True
Is 7051059 a multiple of 78?
False
Is 1097 a factor of 542888528?
False
Is 4885 a factor of 579619905?
True
Is 1333 a factor of 689754785?
False
Is 985624860 a multiple of 110?
True
Is 38 a factor of 44156?
True
Is 14 a factor of 139004600?
True
Is 382 a factor of 90779626?
True
Does 60 divide 4795152600?
True
Does 13761 divide 6955538733?
True
Is 75 a factor of 2317318918?
False
Is 180645373 a multiple of 3?
False
Is 904 a factor of 16211432?
True
Is 67768010 a multiple of 795?
False
Is 16 a factor of 652796688?
True
Does 82 divide 265262456?
True
Is 105226492 a multiple of 42?
False
Is 90 a factor of 37273050?
True
Does 347 divide 7860434?
False
Is 423 a factor of 56759832?
True
Is 23736209 a multiple of 3269?
True
Does 860 divide 818019926?
False
Does 100 divide 46539100?
True
Is 1361 a factor of 21850966?
False
Does 911 divide 1542110737?
True
Is 344613236 a multiple of 1268?
True
Is 402 a factor of 25900720?
False
Does 527 divide 2049571848?
False
Is 118874646 a multiple of 12?
False
Does 940 divide 14864220?
True
Is 10 a factor of 13336163?
False
Is 398 a factor of 543728894?
True
Is 53 a factor of 173779343?
False
Is 162 a factor of 906935319?
False
Is 84521838 a multiple of 6?
True
Does 665 divide 178732715?
True
Is 14 a factor of 53856110?
True
Does 204 divide 105246660?
True
Does 2 divide 2137102?
True
Is 734540 a multiple of 5?
True
Is 430 a factor of 67063660?
True
Is 135925538 a multiple of 1717?
False
Is 399 a factor of 1755709060?
False
Does 140 divide 27150200?
True
Is 4 a factor of 6967520?
True
Is 166 a factor of 85339770?
True
Does 59 divide 348722686?
True
Does 10378 divide 2892929768?
True
Is 562477440 a multiple of 336?
True
Does 69 divide 103666096?
False
Is 318 a factor of 861362466?
True
Is 335 a factor of 198026763?
False
Is 1377945047 a multiple of 970?
False
Is 98096992 a multiple of 10?
False
Is 1478748 a mu